j(i) = 5*i - 4. Let m be j(1). Give y(m).
-6
Let v(j) = 7*j**2 - 10*j**3 + 28*j**3 + 6*j - 2 - 17*j**3 + 0*j. Determine v(-6).
-2
Let d(w) = -2*w**2 - w**3 + 10 + w + 6*w**2 - 3*w**2. Calculate d(0).
10
Let i(y) = -y - 2 + 3 + 2. Suppose -t + 4*w - 3*w = -2, 0 = -t - 5*w - 28. What is i(t)?
6
Let y be (-9 - -16)*(1 + 0). Let z(v) = -v + 3. What is z(y)?
-4
Let h(z) = z**3 + 4*z**2 + 4*z. Suppose -4*n - 4 = -5*g - 8, 4*g + 2*n = -24. What is h(g)?
-16
Let f(g) be the first derivative of -g**2 - 4*g - 9. Give f(-3).
2
Let q(k) = k**2 - 5*k - 9. Suppose 5*z - 34 = -p, -4*z + 0*z - 2*p + 26 = 0. What is q(z)?
5
Suppose -p = m - 4*m + 7, 2*m - 2 = -2*p. Let o(j) be the first derivative of -j**3/3 + j**2 - 2*j - 2. Determine o(m).
-2
Let b(k) = 3*k**3 - 7*k**2 - 13*k + 12. Let f(z) = -z**3 + 2*z**2 + 4*z - 4. Let a(o) = -3*b(o) - 8*f(o). Let v be a(6). Let d(j) = 4*j + 1. Determine d(v).
9
Let j = -19 - -17. Let v(x) = -x**3 + 4*x**2 - 3*x + 1. Let m be v(2). Let l(z) = 2 + 3*z**2 + z**m + 3*z**3 + 2*z - 2*z**3. Determine l(j).
-6
Let y(v) be the third derivative of v**4/8 - v**3/3 + 11*v**2. Determine y(-2).
-8
Let k(f) be the second derivative of f**3/3 + f**2/2 - 4*f. Calculate k(2).
5
Let z(o) be the second derivative of -o**5/20 - o**4/4 + o**3/2 + 3*o**2/2 - o. Determine z(-4).
7
Let d(s) = s + 1. Let i(p) be the third derivative of -5*p**4/12 - 3*p**3/2 - 2*p**2. Let z(o) = 18*d(o) + 2*i(o). Give z(-3).
6
Suppose 20 = 4*p - 0*p. Suppose -4*r + 1 + 27 = -p*i, -2*i = -3*r + 14. Let k(o) = 2 + 3*o - 4*o + 3*o. What is k(i)?
-6
Let b be 100/(-90)*6/(-5). Let x(z) be the first derivative of -1/4*z**4 + 1 - b*z**3 - z + 1/2*z**2. Give x(-4).
-5
Suppose -4*n = 5*n. Let o(m) = m - 6. Determine o(n).
-6
Suppose 0 = -5*o - 2*g - 2*g - 5, 5*o - 20 = g. Let t(x) = -2*x - 1. What is t(o)?
-7
Suppose -c + 16 - 4 = 0. Let o = c - 18. Let m(f) = -f**2 + f - 1. Let j(p) = -7*p**2 + p + 2. Let w(n) = -j(n) + 6*m(n). Determine w(o).
-2
Let n(f) be the second derivative of -f**4/12 + 2*f**3/3 + 3*f**2 + 4*f. Calculate n(5).
1
Let i = 3 - -4. Let u(s) = -1 + 3*s - 2 + i - 1. Determine u(-2).
-3
Let v(w) = -2*w - 11. Let b(z) = -3*z - 16. Let m(g) = -5*b(g) + 7*v(g). Determine m(-6).
-3
Let a(b) = 2*b**3 + 8*b**2 + 5*b + 15. Let g(l) = -l**3 - 4*l**2 - 3*l - 8. Let p(y) = -4*a(y) - 7*g(y). Determine p(-4).
-8
Let m(f) = -f**2 - 2*f + 8. Let j(y) = -y**2 - 3*y + 9. Let k(h) = 3*j(h) - 4*m(h). Suppose -3*s = 2*s. Let n be (1 + 1/(-2))*s. Determine k(n).
-5
Let t(p) = p**3 - 2*p**2 - p. Let m(n) = 2*n + 12. Let h be m(-5). Give t(h).
-2
Suppose -3*s - 137 - 37 = 3*x, -2*x = 6. Let m be s/44 + (-1)/(-4). Let p(f) = -8*f + 1. Calculate p(m).
9
Let t(m) = -m**3 - m**2 + m - 1. Let k = -4 - -5. Let r be (1/2)/(k/(-4)). Determine t(r).
1
Suppose 6*r = r + 5. Let x(a) = a. Let w(t) = t + 1. Let s(b) = r*w(b) - 2*x(b). Give s(3).
-2
Let m(u) = -u**2 - 4*u + 7. Let s(l) be the second derivative of -5*l**3/6 + 5*l**2/2 - 2*l. Let w be s(-4). Let g be (-2)/(-1)*w/(-10). Determine m(g).
2
Let f(w) be the second derivative of w**3/3 - w**2/2 - 8*w. Let j = 1 - 2. Let b = 3 + j. What is f(b)?
3
Suppose b = -2*x + 15, -4*x + 9 = -4*b - b. Let l(w) = 0 - 3*w + 5*w + x + w. What is l(-6)?
-12
Let o(g) = g**3 - g + 22. Suppose 0 = 160*m - 165*m. What is o(m)?
22
Let z(k) be the second derivative of -k**4/12 + k**3 + 3*k**2 + 6*k. Calculate z(8).
-10
Let j be (-2)/(-7) + 19/7. Let z(i) = 2*i**2 - 4*i + 3. Let v be z(2). Let w(s) = -v*s + 0 - 3 + 2. Calculate w(j).
-10
Let f be (1/3)/(4/24). Let s(v) = 3*v**f - 2*v**2 + 21*v - 15*v. Give s(-5).
-5
Let d(b) = -5 + 2*b - b - 2*b + 2*b. Determine d(0).
-5
Suppose 5*l - 4*u = 2, 3*l + 3*u = -0*u + 12. Let v(s) = 3 - l + 0*s - 5*s. Suppose -2*r = 3*h + 1 + 6, 0 = 4*h + 12. Give v(r).
-4
Let b = 6 + -6. Let c = b + 2. Let q(x) be the first derivative of -5*x**2/2 + 3*x - 4. Determine q(c).
-7
Let y(k) = -k**2 + 5*k - 2. Let r = -6 - -8. Let n be (-1 + r + -1)/(-3). Let h = 5 - n. What is y(h)?
-2
Let b = -10 - -15. Suppose 0 = -t + b*t - 20. Let j(c) = -c**2 + 5*c - 2. Calculate j(t).
-2
Let t be 3 + (3 - 3)*-1. Let y(s) = -s - t*s**2 + 0*s**3 + 3 + s**3 + 1. Determine y(3).
1
Suppose 16 = -4*u - 2*f, -4*u - 13 - 3 = -2*f. Let w(h) be the second derivative of h**4/12 + 5*h**3/6 - h**2/2 - 13*h. Give w(u).
-5
Let q = 39 - 23. Let p be 8/q - 18/4. Let r(s) = s**2 + 4*s. What is r(p)?
0
Let t(x) = -x - 4. Suppose -5*n = 2*p - 7 - 40, -n = -p - 8. Let b = -6 + n. What is t(b)?
-7
Let q(c) = c**2 + 272 - 272 + c. Give q(1).
2
Let o(u) = -u**3 - 2*u**2 - u. Let c be o(-2). Suppose 3*m + 4 = c*m. Let z(w) be the second derivative of w**4/6 + 7*w**3/6 + 3*w**2 - w. Calculate z(m).
10
Let o(t) = -t**3 - 3*t**2 - t - 3. Let u(c) = -c**3 + c**2 + c + 12. Let x be u(0). Suppose x = 4*h - 216. Let l be h/(-21) - (-6)/(-21). What is o(l)?
0
Let h(r) = 1. Let c(l) = 2*l + 6. Let v(j) = c(j) - 4*h(j). Determine v(-3).
-4
Let p(f) be the first derivative of -2*f + 1/2*f**3 + 0*f**2 - 2. Let z(d) be the first derivative of p(d). Calculate z(-1).
-3
Let w(h) be the first derivative of h**2 + 3*h - 21. What is w(-5)?
-7
Let x(u) = u**2 + 7*u + 7. Let j be 8/((-24)/(-9)) + -9. Calculate x(j).
1
Let l(u) = -2*u**3 + 2*u**2 + u - 2. Let b(a) = -a**2 - a + 1. Let n(y) = -2*b(y) - l(y). Suppose 4*s = 5*z - 14 + 9, -z + 5*s + 1 = 0. Give n(z).
3
Let r = -5 + 6. Let b(g) = -g**2 - g. Calculate b(r).
-2
Let u(z) be the first derivative of -7/2*z**2 + 1 - 3*z. Calculate u(-2).
11
Suppose 4*i = 2*i. Suppose -4 = 3*r + 5*m, i*r = 2*r - m + 7. Let c(b) = -2*b + 3*b - b + 1 + b. What is c(r)?
-2
Let s(t) = 2*t. Suppose 0 = 5*v + 13 - 8. Determine s(v).
-2
Let n(l) = 5*l**2 + 2*l - 2. Let p be n(1). Let c(m) = 4*m + 7. Determine c(p).
27
Let c(m) = 10*m - 1. Let q(t) = -t. Let d(p) = c(p) + 6*q(p). Calculate d(-1).
-5
Let t(i) be the second derivative of -i**3/6 + 7*i**2/2 - i. Let h be ((-2)/(-3) - (-22)/3) + -3. Calculate t(h).
2
Suppose 5*j + 0*j = 0. Let h(a) = a**2 + 2. Give h(j).
2
Let b(o) = -1 - o + 2 + 1. Let t be (7/28)/((-2)/(-40)). Let k(f) = -2*f + 3. Let j(v) = t*b(v) - 3*k(v). What is j(4)?
5
Let m = 2 - 1. Let o(u) be the third derivative of -5*u**2 + 0*u + 0 - 1/12*u**4 + 1/6*u**3 + 1/60*u**5. Give o(m).
0
Suppose -7*b - 5 = -26. Let j(t) = t**3 - 2*t**2 - 1. Calculate j(b).
8
Let b(r) be the first derivative of 5*r**4/2 + 2. Calculate b(-1).
-10
Suppose -8 = -3*k - k. Suppose -3*p = k*p + 20. Let a(q) be the third derivative of q**4/24 + q**3 + 4*q**2. Give a(p).
2
Let t(a) = -a**2 - a + 7. Let b(f) = -f - 1. Let y(z) = 5*b(z) + t(z). Determine y(-6).
2
Let p = -456 + 455. Let l(z) be the first derivative of -13*z**5/120 - z**4/24 + z**3/3 - 1. Let a(s) be the third derivative of l(s). What is a(p)?
12
Let p(l) = -2*l + 1. Let h(r) = 17*r - 5. Let s(f) = -h(f) - 6*p(f). Determine s(1).
-6
Let l(t) be the first derivative of -t**4/4 + t**3/3 + 3*t**2 + 5. Let c(h) be the second derivative of l(h). Calculate c(2).
-10
Let t(s) = s**3 - 3*s**2 - s. Let f be ((-3)/6)/((-2)/12). Determine t(f).
-3
Let x = -4 + 6. Let i(c) = -4*c + 2*c + 0*c - x*c. Give i(2).
-8
Let a = 12 + -14. Let y be a/(-3) + 6/(-9). Let h(d) = -d + 13. Calculate h(y).
13
Let k(o) = -o**2 + 4. Suppose -3*x + 1 + 5 = 0. Suppose 3*m - 4*m - x = 0. Let u = m - 1. Give k(u).
-5
Let y(a) = -4*a. Let j = -98 + 96. Calculate y(j).
8
Let i(c) = -c - 5. Let p(v) = 4*v + 20. Let w(o) = 9*i(o) + 2*p(o). Let n(y) = 3*y + 2. Let q be n(-2). Give w(q).
-1
Let n = -10 - -52. Let y = n + -70. Let j be y/(-20) - (-4)/(-10). Let l(k) = 4*k**3 + 1. What is l(j)?
5
Suppose j = 5*v + 16, -3*j - j = 2*v + 24. Let q(k) = -6 + 4 - 2*k**2 - k**3 - 5*k - 3*k**2. What is q(j)?
2
Suppose 2*w = -5*t + 5, -3*t = 2*t + w - 5. Let s(h) be the second derivative of 3*h + 0 + 1/2*h**2 - h**3. Give s(t).
-5
Let n(s) = -s**3 - 2*s + 0*s + 2 - 2*s**2 - s**2. Suppose -105*k + 112*k = -14. Give n(k).
2
Suppose -2*i - 3*i = 3*y + 77, 3*i - 3*y = -51. Let p be (-24)/i*(-14)/3. Let q(m) = -m - 11. Give q(p).
-4
Suppose -g + 3*g - 6 = 0. Let r = 5 - g. Let z(x) = x + 1. Let j(c) = c**2 - 4*c - 1. Let n(f) = r*z(f) + j(f). Calculate n(1).
0
Let o(d) = 7*d. Suppose 7 = 5*n - 0*b + 3*b, -4*b + 21 = -5*n. Give o(n).
-7
Let h(d) be th